{"id":982,"date":"2022-03-07T22:37:22","date_gmt":"2022-03-07T21:37:22","guid":{"rendered":"http:\/\/juhas-bis.pl\/?post_type=product&#038;p=982"},"modified":"2025-03-25T12:31:35","modified_gmt":"2025-03-25T11:31:35","slug":"serowe-urywajki","status":"publish","type":"product","link":"http:\/\/juhas-bis.pl\/index.php\/produkt\/serowe-urywajki\/","title":{"rendered":"Serowe Urywajki S\u0105deckie- Naturalne"},"content":{"rendered":"","protected":false},"excerpt":{"rendered":"<p>100 g. &#8211; Pyszna zak\u0105ska serowa w formie kuleczek\u2013 w sam raz na 1 k\u0119s. Doskona\u0142a<br \/>\nna wszelkiego rodzaju przyj\u0119cia.<\/p>\n<p>Ser t\u0142usty, podpuszczkowy, niedojrzewaj\u0105cy, parzony<br \/>\nPakowany pr\u00f3\u017cniowo<br \/>\nData minimalnej trwa\u0142o\u015bci- 60 dni.<br \/>\nPrzechowywa\u0107 w temperaturze od +2C do +10C<br \/>\nSk\u0142adniki: mleko krowie pasteryzowane, s\u00f3l, kultury bakterii mlekowych, podpuszczka<\/p>\n<p><strong>Warto\u015b\u0107 Od\u017cywcza w 100 g.:<\/strong><br \/>\nWarto\u015b\u0107 energetyczna 1566KJ\/377 kcal<br \/>\nT\u0142uszcz \u2013 22 g.<br \/>\nW tym kwasy t\u0142uszczowe nasycone \u2013 17 g.<br \/>\nW\u0119glowodany \u2013 1 g.<br \/>\nW tym cukry \u2013 1 g.<br \/>\nBia\u0142ko \u2013 28 g.<br \/>\nS\u00f3l \u2013 3,3 g.<\/p>\n","protected":false},"featured_media":937,"comment_status":"open","ping_status":"closed","template":"","meta":{"qubely_global_settings":"","qubely_interactions":"","_uag_custom_page_level_css":""},"product_brand":[],"product_cat":[38],"product_tag":[],"class_list":{"0":"post-982","1":"product","2":"type-product","3":"status-publish","4":"has-post-thumbnail","6":"product_cat-serki","8":"first","9":"instock","10":"shipping-taxable","11":"product-type-simple"},"featured_image_urls_v2":{"full":["http:\/\/juhas-bis.pl\/wp-content\/uploads\/2022\/03\/d-80.jpg",2048,1365,false],"thumbnail":["http:\/\/juhas-bis.pl\/wp-content\/uploads\/2022\/03\/d-80-150x150.jpg",150,150,true],"medium":["http:\/\/juhas-bis.pl\/wp-content\/uploads\/2022\/03\/d-80-300x200.jpg",300,200,true],"medium_large":["http:\/\/juhas-bis.pl\/wp-content\/uploads\/2022\/03\/d-80-768x512.jpg",768,512,true],"large":["http:\/\/juhas-bis.pl\/wp-content\/uploads\/2022\/03\/d-80-1024x683.jpg",1024,683,true],"1536x1536":["http:\/\/juhas-bis.pl\/wp-content\/uploads\/2022\/03\/d-80-1536x1024.jpg",1536,1024,true],"2048x2048":["http:\/\/juhas-bis.pl\/wp-content\/uploads\/2022\/03\/d-80.jpg",2048,1365,false],"qubely_landscape":["http:\/\/juhas-bis.pl\/wp-content\/uploads\/2022\/03\/d-80-1200x750.jpg",1200,750,true],"qubely_portrait":["http:\/\/juhas-bis.pl\/wp-content\/uploads\/2022\/03\/d-80-540x320.jpg",540,320,true],"qubely_thumbnail":["http:\/\/juhas-bis.pl\/wp-content\/uploads\/2022\/03\/d-80-140x100.jpg",140,100,true],"woocommerce_archive_thumbnail":["http:\/\/juhas-bis.pl\/wp-content\/uploads\/2022\/03\/d-80-300x400.jpg",300,400,true],"woocommerce_thumbnail":["http:\/\/juhas-bis.pl\/wp-content\/uploads\/2022\/03\/d-80-300x400.jpg",300,400,true],"woocommerce_single":["http:\/\/juhas-bis.pl\/wp-content\/uploads\/2022\/03\/d-80-600x400.jpg",600,400,true],"woocommerce_gallery_thumbnail":["http:\/\/juhas-bis.pl\/wp-content\/uploads\/2022\/03\/d-80-100x100.jpg",100,100,true]},"post_excerpt_stackable_v2":"<p>100 g. &#8211; Pyszna zak\u0105ska serowa w formie kuleczek\u2013 w sam raz na 1 k\u0119s. Doskona\u0142a<br \/>\nna wszelkiego rodzaju przyj\u0119cia.<\/p>\n<p>Ser t\u0142usty, podpuszczkowy, niedojrzewaj\u0105cy, parzony<br \/>\nPakowany pr\u00f3\u017cniowo<br \/>\nData minimalnej trwa\u0142o\u015bci- 60 dni.<br \/>\nPrzechowywa\u0107 w temperaturze od +2C do +10C<br \/>\nSk\u0142adniki: mleko krowie pasteryzowane, s\u00f3l, kultury bakterii mlekowych, podpuszczka<\/p>\n<p><strong>Warto\u015b\u0107 Od\u017cywcza w 100 g.:<\/strong><br \/>\nWarto\u015b\u0107 energetyczna 1566KJ\/377 kcal<br \/>\nT\u0142uszcz \u2013 22 g.<br \/>\nW tym kwasy t\u0142uszczowe nasycone \u2013 17 g.<br \/>\nW\u0119glowodany \u2013 1 g.<br \/>\nW tym cukry \u2013 1 g.<br \/>\nBia\u0142ko \u2013 28 g.<br \/>\nS\u00f3l \u2013 3,3 g.<\/p>\n","category_list_v2":"","author_info_v2":{"name":"","url":""},"comments_num_v2":"0 comments","uagb_featured_image_src":{"full":["http:\/\/juhas-bis.pl\/wp-content\/uploads\/2022\/03\/d-80.jpg",2048,1365,false],"thumbnail":["http:\/\/juhas-bis.pl\/wp-content\/uploads\/2022\/03\/d-80-150x150.jpg",150,150,true],"medium":["http:\/\/juhas-bis.pl\/wp-content\/uploads\/2022\/03\/d-80-300x200.jpg",300,200,true],"medium_large":["http:\/\/juhas-bis.pl\/wp-content\/uploads\/2022\/03\/d-80-768x512.jpg",768,512,true],"large":["http:\/\/juhas-bis.pl\/wp-content\/uploads\/2022\/03\/d-80-1024x683.jpg",1024,683,true],"1536x1536":["http:\/\/juhas-bis.pl\/wp-content\/uploads\/2022\/03\/d-80-1536x1024.jpg",1536,1024,true],"2048x2048":["http:\/\/juhas-bis.pl\/wp-content\/uploads\/2022\/03\/d-80.jpg",2048,1365,false],"qubely_landscape":["http:\/\/juhas-bis.pl\/wp-content\/uploads\/2022\/03\/d-80-1200x750.jpg",1200,750,true],"qubely_portrait":["http:\/\/juhas-bis.pl\/wp-content\/uploads\/2022\/03\/d-80-540x320.jpg",540,320,true],"qubely_thumbnail":["http:\/\/juhas-bis.pl\/wp-content\/uploads\/2022\/03\/d-80-140x100.jpg",140,100,true],"woocommerce_archive_thumbnail":["http:\/\/juhas-bis.pl\/wp-content\/uploads\/2022\/03\/d-80-300x400.jpg",300,400,true],"woocommerce_thumbnail":["http:\/\/juhas-bis.pl\/wp-content\/uploads\/2022\/03\/d-80-300x400.jpg",300,400,true],"woocommerce_single":["http:\/\/juhas-bis.pl\/wp-content\/uploads\/2022\/03\/d-80-600x400.jpg",600,400,true],"woocommerce_gallery_thumbnail":["http:\/\/juhas-bis.pl\/wp-content\/uploads\/2022\/03\/d-80-100x100.jpg",100,100,true]},"uagb_author_info":{"display_name":"juhasbis1","author_link":"http:\/\/juhas-bis.pl\/index.php\/author\/"},"uagb_comment_info":0,"uagb_excerpt":"100 g. - Pyszna zak\u0105ska serowa w formie kuleczek\u2013 w sam raz na 1 k\u0119s. Doskona\u0142a na wszelkiego rodzaju przyj\u0119cia. Ser t\u0142usty, podpuszczkowy, niedojrzewaj\u0105cy, parzony Pakowany pr\u00f3\u017cniowo Data minimalnej trwa\u0142o\u015bci- 60 dni. Przechowywa\u0107 w temperaturze od +2C do +10C Sk\u0142adniki: mleko krowie pasteryzowane, s\u00f3l, kultury bakterii mlekowych, podpuszczka Warto\u015b\u0107 Od\u017cywcza w 100 g.: Warto\u015b\u0107 energetyczna&hellip;","_links":{"self":[{"href":"http:\/\/juhas-bis.pl\/index.php\/wp-json\/wp\/v2\/product\/982","targetHints":{"allow":["GET"]}}],"collection":[{"href":"http:\/\/juhas-bis.pl\/index.php\/wp-json\/wp\/v2\/product"}],"about":[{"href":"http:\/\/juhas-bis.pl\/index.php\/wp-json\/wp\/v2\/types\/product"}],"replies":[{"embeddable":true,"href":"http:\/\/juhas-bis.pl\/index.php\/wp-json\/wp\/v2\/comments?post=982"}],"wp:featuredmedia":[{"embeddable":true,"href":"http:\/\/juhas-bis.pl\/index.php\/wp-json\/wp\/v2\/media\/937"}],"wp:attachment":[{"href":"http:\/\/juhas-bis.pl\/index.php\/wp-json\/wp\/v2\/media?parent=982"}],"wp:term":[{"taxonomy":"product_brand","embeddable":true,"href":"http:\/\/juhas-bis.pl\/index.php\/wp-json\/wp\/v2\/product_brand?post=982"},{"taxonomy":"product_cat","embeddable":true,"href":"http:\/\/juhas-bis.pl\/index.php\/wp-json\/wp\/v2\/product_cat?post=982"},{"taxonomy":"product_tag","embeddable":true,"href":"http:\/\/juhas-bis.pl\/index.php\/wp-json\/wp\/v2\/product_tag?post=982"}],"curies":[{"name":"wp","href":"https:\/\/api.w.org\/{rel}","templated":true}]}}